actors of i(-6).
2, 3, 17
Let d = -5 + 13. Let l = d + -9. List the prime factors of -2*(-51)/(-6)*l.
17
Suppose n + w - 9 - 5 = 0, 4*w + 28 = 3*n. Suppose -2 = p, -4*v - n = -2*v + 4*p. Let u = v + 12. What are the prime factors of u?
2, 5
Let c = 31 + -22. Suppose -4*t - 15 = 3*s, 2 = 5*t + 2*s + 12. Let h = c - t. What are the prime factors of h?
3
Let m = -13 + 5. Let p(t) = 7*t**3 + 14*t**2 + 2*t - 9. Let i(k) = -8*k**3 - 15*k**2 - 3*k + 9. Let w(a) = 6*i(a) + 7*p(a). What are the prime factors of w(m)?
23
Let l = 96 + -16. What are the prime factors of l?
2, 5
Suppose -475 = -3*i - 2*i. Let l = i + -64. List the prime factors of l.
31
Suppose 4*m - 148 = -4*b, -3*m + 158 = 4*b - 4*m. List the prime factors of b.
3, 13
Let h = 5 - 5. Suppose 2*p = -h*p. Suppose 4*v - 27 + 3 = p. List the prime factors of v.
2, 3
Let y be 2074/(-18) + (-2)/(-9). Let p = -79 - y. Suppose -p = -0*s - 3*s. List the prime factors of s.
2, 3
Suppose 3*z = 2*t + 31, 21 = -5*t - 4. What are the prime factors of z?
7
Let l(y) be the first derivative of 5*y**2/2 - 2*y + 1. What are the prime factors of l(3)?
13
Suppose 31 = 2*s - s. List the prime factors of s.
31
Suppose 0 = 22*p - 2*p - 4820. What are the prime factors of p?
241
Suppose -11 = -d - 4*m, -3*d + 1 - 8 = 2*m. What are the prime factors of 2 - 4 - 1 - d?
2
Suppose -2*m + 84 = 5*m. What are the prime factors of m?
2, 3
Suppose 2*l - 120 = 30. Suppose 0 = -3*m + 2*x + 98, 3*m - l - 48 = -3*x. What are the prime factors of m?
2, 3
Suppose 0 = -10*t + 15*t - 730. What are the prime factors of t?
2, 73
Let b = 828 + -482. What are the prime factors of b?
2, 173
Let o(n) = -n**3 + 15*n**2 - n - 16. What are the prime factors of o(13)?
3, 103
Suppose -2*a = 5*y - 255, -7*a = y - 3*a - 33. List the prime factors of y.
53
What are the prime factors of (2/4)/((-3)/(-78))?
13
Suppose 3*n + 208 = b - 2*n, 204 = b - 3*n. Suppose 4*c - b = 2*l, -5*c - 4*l = -19 - 222. What are the prime factors of c?
7
Let d be 2 + -3 - -1*1. Suppose w + 3*w - 60 = d. What are the prime factors of w?
3, 5
Let m(c) = 4*c - 6. Let q be ((-10)/(-6))/(4/12). What are the prime factors of m(q)?
2, 7
Let i = 1 + 1. Suppose 0 = 4*v - v - i*k - 4, v - 2*k = 0. Suppose -4 = -0*y - v*y. List the prime factors of y.
2
Let v = -27 - -183. List the prime factors of v.
2, 3, 13
Suppose -224 + 13 = -4*o + k, 0 = -2*o + 2*k + 104. List the prime factors of o.
53
Suppose 0*l = 5*l + 35. Let j(u) = -4 - 3 - 1 + 4 - 2*u. What are the prime factors of j(l)?
2, 5
Let g(y) = y + 18. Let k(l) = l**3 - 3*l**2 + 3*l - 1. Let z be k(1). What are the prime factors of g(z)?
2, 3
Suppose 3*z - 4*i - 64 = i, -5*i = 3*z - 44. Let m = 29 - z. List the prime factors of m.
11
What are the prime factors of (-60)/(-18) - 3/9?
3
Suppose -2*p = o - 85, 128 = 3*p - 0*p + o. What are the prime factors of p?
43
Let i = 80 - 53. List the prime factors of i.
3
Suppose 2*m - 517 = -3*q, -3*q + 23 - 1263 = -5*m. What are the prime factors of m?
251
List the prime factors of ((-3)/2)/(2/(-44)).
3, 11
Let g be (25/(-2))/(-5)*2. Suppose 3*c - 3*y - 24 = 0, g*y + 0*y = 3*c - 30. What are the prime factors of c?
5
Let c(u) = u**3 + 9*u**2 + 9*u - 1. List the prime factors of c(-7).
2, 17
Suppose -3*t - 113 = -l - 2*t, -t = -4*l + 443. Let b = l + 25. List the prime factors of (-6)/(-8) - b/(-12).
2, 3
What are the prime factors of (-3 + 12/8)*-20?
2, 3, 5
Let n(v) be the second derivative of v**5/20 + v**4/12 + 3*v**2/2 - 3*v. Let a be n(0). What are the prime factors of (8/(-6))/((-2)/a)?
2
Suppose -21 = -a - 2*l, -a + 5*l + 50 = -6. Suppose -g + 2*g - 2*b = a, 2*g + 5*b = 35. What are the prime factors of g?
5
Let d = 108 - 66. What are the prime factors of d?
2, 3, 7
Let v(t) = -t**3 - 9*t**2 - 9*t - 9. Let x(n) = n**2 - n - 8. Let f be x(0). Let r be v(f). What are the prime factors of r/(-1) - (0 - 1)?
2
Let y(o) be the first derivative of -8/3*o**3 + o**2 + 1/4*o**4 + 2 - 9*o. List the prime factors of y(8).
7
Suppose -5*i + 677 = -108. List the prime factors of i.
157
Let q be (2/4)/((-1)/(-4)). What are the prime factors of 36/2 + q/1?
2, 5
Let q be (-6)/33 - (-53)/(-11). What are the prime factors of 2*1 - (-4 + q)?
11
Let b(p) = -15*p + 9. Let a be b(-7). Suppose 3*v - a = 3*m, v + 4*m = 4*v - 116. List the prime factors of v.
2, 3
Let q(z) = 2*z**3 + 1. Suppose 2*y + 0*y - 5*k - 29 = 0, -3*k = 15. Let l be 2/3*3/y. What are the prime factors of q(l)?
3
List the prime factors of ((-72)/(-6))/(2/16).
2, 3
Let v be 3*(-2)/3 + 56. Suppose -11 + 43 = -f. Let z = v + f. What are the prime factors of z?
2, 11
Let f be 5/(20/12) - -13. Suppose -2*v - f = -88. List the prime factors of v.
2, 3
Suppose -3*u - w - 25 = -0*w, -4*u - 44 = 4*w. Let z = u - -9. List the prime factors of z.
2
Let u(d) be the second derivative of 1/3*d**3 - d**2 + 3*d + 0 + 1/12*d**4. What are the prime factors of u(-5)?
13
Let r(l) = -l**3 - 5*l**2 - 3*l - 2. Let t be r(-3). Let f = t - 1. What are the prime factors of (-195)/f + 2/(-8)?
2
Let j(x) = -x**2 - 1. Let n be j(-1). Let v be 1/(51/24 + n). What are the prime factors of 15/20 + 42/v?
2, 3
Suppose 2*u = 3*u - 4. Suppose u*x - 40 = -16. What are the prime factors of x?
2, 3
List the prime factors of (81/6*5)/(3/8).
2, 3, 5
Let z be (-3)/((-62)/(-34) + -2). Suppose 3*o - z = 2*q - 3*q, 3*q = 5*o - 19. List the prime factors of q.
2
Let f(q) = q - 4. Let d be f(10). Let c be (-128)/6*(-3)/2. What are the prime factors of 2/d + c/3?
11
What are the prime factors of (-252)/(-30) + (-2)/5?
2
Let s(v) = v**3 - v**2 + v + 153. What are the prime factors of s(0)?
3, 17
Suppose n = -5*n + 636. What are the prime factors of n?
2, 53
Let d be -3 + 2 + (-4)/(-2). Let v = d - -29. What are the prime factors of v?
2, 3, 5
Suppose -3*f - 638 = 4*o - 5*o, -858 = 4*f - 5*o. List the prime factors of (-6)/(-27) + f/(-18).
2, 3
Let c = 1 - -1. Suppose 4*v - c = 30. What are the prime factors of v/3 - (-3)/9?
3
Suppose 0 = l + 13 - 63. List the prime factors of (-8)/(-10)*l/4.
2, 5
Let y be (-5)/((-10)/3)*2. Let v = -12 - y. Let a = -8 - v. What are the prime factors of a?
7
Let z be 1/(-3) - 20/(-15). Let p(t) = 15*t + 1. List the prime factors of p(z).
2
Let d be 3 + -2 - (15 - -1). List the prime factors of (-2)/(-10) + (-252)/d.
17
Let l = -193 + 279. What are the prime factors of l?
2, 43
Let u(f) = -10*f - 2. Let m be u(-2). Let z = 37 - m. What are the prime factors of z?
19
List the prime factors of (-3)/((-6)/38) + 2.
3, 7
Let m = -4 - -26. Suppose 6*j - 2*d - 36 = j, 3*j = d + 22. List the prime factors of -4*(2 - m/j).
3
Let b(r) = -r**3 - r**2 + r + 1. Let a be b(0). Let o(f) = -a - f - 2 - 2*f. What are the prime factors of o(-3)?
2, 3
Let m(a) be the first derivative of a**4/4 - 7*a**3/3 - 4*a**2 + 6*a + 2. What are the prime factors of m(8)?
2, 3
Suppose -4*j + 878 = -658. What are the prime factors of j?
2, 3
Let o(l) = l. Let a be o(1). Let k be (-4 - -3)/(a/(-1)). Let s(j) = 11*j**3 - j**2 + 2*j - 1. List the prime factors of s(k).
11
What are the prime factors of (-11)/(((-4)/(-8))/(-1))?
2, 11
Suppose 3*c + 69 = 6*c. What are the prime factors of c?
23
List the prime factors of (6 - -1) + (-2)/(-1).
3
Let u(i) = 3*i - 6. Let v be u(5). Suppose -v*m - 8 = -11*m. Suppose -79 = -m*p - 3*t, -4*p + 2*t = p - 116. List the prime factors of p.
2, 11
Suppose n - 2*n = 0. Suppose n = -5*i - 3*a + 27, a - 9 - 1 = -2*i. Suppose -i*s - 2*s = -55. What are the prime factors of s?
11
List the prime factors of ((-20)/15)/(1/(-87)).
2, 29
Let t be 5/(30/4)*-18. Let k = t + 7. List the prime factors of (k + -25)/((-3)/2).
2, 5
Let h = 157 - 100. Suppose -i = 2*i - h. List the prime factors of i.
19
Let t(u) = -u**3 + 11*u**2 + 4*u - 15. Let v be t(11). List the prime factors of -8*(-4)/8 + v.
3, 11
Suppose -22*n = -17*n - 610. What are the prime factors of n?
2, 61
Suppose 0 = 5*g - 0*v + 5*v + 20, 0 = 3*g - 3*v - 12. Suppose g = c + 1 - 7. What are the prime factors of c?
2, 3
Suppose -10*i = -5*i - 125. List the prime factors of i.
5
Suppose -5*o + 51 = 2*y, -3*o - 5*y + 23 = -0*y. What are the prime factors of o?
11
Let k be ((-4)/10)/(4/520). Let m = 84 + k. List the prime factors of m.
2
Suppose -5*g - 108 = -368. What are the prime factors of g?
2, 1